{"id":6065,"date":"2021-09-11T23:32:16","date_gmt":"2021-09-11T16:32:16","guid":{"rendered":"https:\/\/aiip.vn\/?page_id=6065"},"modified":"2025-03-29T09:27:51","modified_gmt":"2025-03-29T02:27:51","slug":"gioi-thieu-ban-lanh-dao","status":"publish","type":"page","link":"https:\/\/aiip.vn\/?page_id=6065","title":{"rendered":"Our people"},"content":{"rendered":"<p>Coming soon in 2025<\/p>\n<br \/>\n<ol>\n<li><span style=\"color: #ff9900;\"><em>dfg\u0111\u1ea7<\/em><\/span><\/li>\n<li><del><span style=\"color: #ff9900;\"><em>f\u00e1df\u00e1dfd\u00e1<\/em><\/span><\/del><\/li>\n<li><del><span style=\"color: #ff9900;\"><em>\u00e1dfd\u00e0<\/em><\/span><\/del><\/li>\n<\/ol>\n","protected":false},"excerpt":{"rendered":"<p>Coming soon in 2025 dfg\u0111\u1ea7 f\u00e1df\u00e1dfd\u00e1 \u00e1dfd\u00e0<\/p>\n","protected":false},"author":1,"featured_media":0,"parent":0,"menu_order":0,"comment_status":"closed","ping_status":"closed","template":"","meta":[],"_links":{"self":[{"href":"https:\/\/aiip.vn\/index.php?rest_route=\/wp\/v2\/pages\/6065"}],"collection":[{"href":"https:\/\/aiip.vn\/index.php?rest_route=\/wp\/v2\/pages"}],"about":[{"href":"https:\/\/aiip.vn\/index.php?rest_route=\/wp\/v2\/types\/page"}],"author":[{"embeddable":true,"href":"https:\/\/aiip.vn\/index.php?rest_route=\/wp\/v2\/users\/1"}],"replies":[{"embeddable":true,"href":"https:\/\/aiip.vn\/index.php?rest_route=%2Fwp%2Fv2%2Fcomments&post=6065"}],"version-history":[{"count":10,"href":"https:\/\/aiip.vn\/index.php?rest_route=\/wp\/v2\/pages\/6065\/revisions"}],"predecessor-version":[{"id":6680,"href":"https:\/\/aiip.vn\/index.php?rest_route=\/wp\/v2\/pages\/6065\/revisions\/6680"}],"wp:attachment":[{"href":"https:\/\/aiip.vn\/index.php?rest_route=%2Fwp%2Fv2%2Fmedia&parent=6065"}],"curies":[{"name":"wp","href":"https:\/\/api.w.org\/{rel}","templated":true}]}}